0)).
5
Let f(u) = u**2 - 3*u - 35. Let m be f(-7). Let h(i) = i - 5. Let k be h(8). Suppose -k*l = -2*l - m. What is the remainder when l is divided by 12?
11
Suppose -13666 = 207*q - 39334. Calculate the remainder when q is divided by 9.
7
Let i(o) = 181*o - 195. What is the remainder when i(2) is divided by 64?
39
Suppose -15*i = -145 - 695. Calculate the remainder when 2685 is divided by i.
53
Suppose 48*w + 146 - 1453 - 1861 = 0. Calculate the remainder when 101 is divided by w.
35
Suppose 0 = -3*a, 3*a = -5*b + 9*b + 432. Let i = b + 230. Let v = -97 + i. Calculate the remainder when v is divided by 15.
10
Let b(i) = 207 + i**2 + i**3 + i + 5*i - 3*i + 5*i. Calculate the remainder when b(0) is divided by 21.
18
Suppose 0 = 5*g + 61 + 19. Let f = -13 - g. Let t(i) = 2*i**2 - 4. Calculate the remainder when t(f) is divided by 5.
4
Let i(w) = 2*w**2 - 25*w + 89. Calculate the remainder when 68 is divided by i(10).
29
Let p be ((-4)/20 + (-28)/(-40))*844. Let d = p + -395. What is the remainder when 47 is divided by d?
20
Suppose -5*q = 4*v + 1 - 5, 0 = 2*v + 3*q. Suppose -4*g + v = -g. Suppose r - 2 = 2*m, -g*r + 38 = 4*m - 6. Calculate the remainder when r is divided by 4.
0
Suppose 0 = -18*r + 11814 + 966. Calculate the remainder when r is divided by 697.
13
Suppose -56*u = 27*u - 72280 - 283375. Calculate the remainder when u is divided by 712.
13
Suppose -2536 = 97*b - 79109 - 15771. What is the remainder when b is divided by 106?
104
Suppose -3*f - 3*s = -14589, 5*s = -2*f + 6609 + 3123. What is the remainder when f is divided by 38?
35
Let t = 3209 - 3104. Calculate the remainder when t is divided by 13.
1
Let v(w) = 2*w - 230. Let y be v(27). Let d = y + 199. Let l = -29 + 95. What is the remainder when l is divided by d?
20
Let w = 56 + -8. Suppose 4*v - 4 = 0, 0 = 4*t + 17*v - 16*v - 3297. Let n = t + -803. Calculate the remainder when w is divided by n.
6
Let n(v) = v**3 + 11*v**2 + 6*v + 3. Suppose -3*d = -12*d. Let p(l) = l**3 - l**2 - 2*l - 10. Let a be p(d). What is the remainder when n(a) is divided by 13?
4
Let v(w) = w**3 + 2*w**2 + 1. Suppose -3*k - 2*q = 368, 98 + 53 = -k + 5*q. Let o = k - -131. What is the remainder when v(2) is divided by o?
2
Let z be (-164)/5 + (-13)/((-260)/16). Let o(s) = -s**3 - 33*s**2 - 36*s - 106. Calculate the remainder when 417 is divided by o(z).
21
Let o(l) = 195*l - 7353. What is the remainder when 7807 is divided by o(38)?
55
Suppose 606 = 115*j - 116*j. Let c = -483 - j. Calculate the remainder when c is divided by 9.
6
Calculate the remainder when 2564 is divided by -5*(-1 + -15 + -40 + 37).
94
Let f = -75 - -156. Let t = f + -53. What is the remainder when t is divided by 10?
8
Let d = -3703 + 3676. Let a = 2 - 1. What is the remainder when 526/11 + (a - d/(-33)) is divided by 13?
9
Suppose 174 = 2*p + a, a - 1 = -3. Suppose -z = 78 - p. What is the remainder when 128 is divided by z?
8
Suppose 4*o - 7 - 9 = 0. Suppose g + 43 = 3*p, -5 = -g - 3. Calculate the remainder when p is divided by o.
3
Suppose 5*p + 5*n - 20 = 0, -2*p + 1 + 5 = n. Suppose t = -2*f + 5, -2*f + 0*t - p*t = 0. Let c = f + 14. Calculate the remainder when 51 is divided by c.
13
Suppose 65*q = -120*q - 9369 + 31384. Calculate the remainder when 830 is divided by q.
116
Let h be 4 + -4 + -5 + 7. Suppose b - 5*y = -15 + 101, -h*b - 2*y = -160. Calculate the remainder when b is divided by 3.
0
Let d(l) = -l**2 - 9*l + 10. Let r be d(10). Let t be (-876)/r - (-4)/30. Suppose -4*v + t*v - 61 = 0. What is the remainder when 119 is divided by v?
58
Let g = -409 - -434. Calculate the remainder when 1764 is divided by g.
14
Suppose 4*y + 3*b - 3785 = 0, -24*b = y - 25*b - 962. Calculate the remainder when y is divided by 473.
7
Suppose 20 = 3*h + 2*h. Suppose -h*k - 5*z + 9 = 0, -3*k + 7 = 2*k + 2*z. Let q = -35970 - -35972. Calculate the remainder when q is divided by k.
0
Suppose -c + 189 = 26*c. Calculate the remainder when 46 is divided by 564/40 + c/(-70).
4
Suppose 297*j - 426827 = 73*j + 48949. What is the remainder when j is divided by 85?
84
Let l = 3 - -4. Let j(k) = -10*k - 68. Let c(y) = -7*y - 46. Let d(v) = 7*c(v) - 5*j(v). Calculate the remainder when d(-2) is divided by l.
2
Suppose -147 = -137*s + 130*s. What is the remainder when 208/6 + 1/s*7 is divided by 29?
6
Let w(n) = n**2 + 2*n - 9. What is the remainder when 1/(-2)*(-624 - 16) is divided by w(7)?
50
Suppose 2*l - 3*o - 78 = -0*o, 106 = 3*l + o. Let r be ((15/(-6))/(-5))/((-1)/(-4)). Let p = r - -11. Calculate the remainder when l is divided by p.
10
Let y(b) = 3*b**2 - 57*b - 512. Calculate the remainder when 842 is divided by y(-7).
26
Suppose -8007*k + 4016 = -8006*k. What is the remainder when k is divided by 445?
11
Suppose -42*r - 30*r + 33 = -1047. Suppose -5*q + 1 = -9, -3*l = -3*q - 69. Calculate the remainder when l is divided by r.
10
Calculate the remainder when 4254 is divided by -516*(37/(-4) + 8 + 1).
126
Let o = 5 + 67. Calculate the remainder when o is divided by (37*4/4 + -4)*1.
6
Let u(t) = -t**3 + 8*t**2 - t + 5. Let o be u(8). Suppose 0 = -18*v + 15*v + 423. Calculate the remainder when v is divided by 2/o - 5*40/(-12).
13
Let o(x) = x**3 - 10*x**2 + 16*x - 4. Let i be o(8). Let g be ((-12)/(-9) + -2)/(i/18). Suppose g*y - 41 = -5. What is the remainder when 131 is divided by y?
11
Let d(j) = j**3 + 7*j**2 - 6*j - 3. Let k be (-10 - (-3 + 4)) + 4. Calculate the remainder when d(k) is divided by (-2 - -6 - (-754)/(-203))*28.
7
Let b be ((-14)/(-4))/((2 - -1)/(-48)). Let s = 57 + 47. Let t = b + s. What is the remainder when 237 is divided by t?
45
Let h(c) = 2*c**3 - 71*c**2 + 68*c - 1007. What is the remainder when 715 is divided by h(35)?
123
Suppose 0 = -2*n - n - 4*x + 64, 4 = n - 3*x. Suppose 0*f = 19*f - 532. Calculate the remainder when f is divided by n.
12
Let v(j) = -263*j + 4374. Calculate the remainder when 1658 is divided by v(16).
164
Let b = -133 - -278. Let h = 147 - b. What is the remainder when 7 is divided by h?
1
Suppose 25*n = 5*n - 55080. What is the remainder when n/(-16) - (-1)/(-8) is divided by 41?
8
Let b be (0/(2/2))/(-1). Let r(x) = -24*x - 982. Let p be r(-41). Suppose -p*q + 70 = -b. Calculate the remainder when 67 is divided by q.
32
Let f(t) = 3*t**2 - 5*t + 6. Let a be f(2). What is the remainder when 1*(-1 - (-3 + -13)) is divided by -1*(-4)/8*a?
3
Let f(i) = i**2 - 5*i - 111 + 0*i**2 + 90. Let c be f(-9). What is the remainder when 81 is divided by (c/(-10))/((-4)/8)?
18
Suppose 4*w = -4*r + 4564, -31 + 16 = 3*r. Calculate the remainder when w is divided by 25.
21
Suppose -386*t = -353*t - 24354. What is the remainder when t is divided by 8?
2
Suppose -41 = -h - 4*g, 1350 - 1312 = h + g. Suppose -5*w - a + 436 = 0, -3*a - 432 = 4*w - 9*w. What is the remainder when w is divided by h?
13
Suppose -a + 3*f = 0, 9*f + 4 = 3*a + 4*f. Suppose -20 + 0 = 4*g, -a*h + 2*g = -52. What is the remainder when (-3)/(4/h - 135/399) is divided by 15?
12
Let g(a) = -40*a - 336. Calculate the remainder when 378 is divided by g(-9).
18
Let u = -3 - -7. Let r = 74 - 34. Suppose -11 = -j - 4*c, -4*j + u = 5*c - r. What is the remainder when 19 is divided by j?
8
Calculate the remainder when 341 is divided by ((230/(-8))/(-5) + 4)*(22 - 10).
107
Suppose -2*f = 0, 3*f - 1196 - 74 = -5*o. What is the remainder when o is divided by (-1)/(412/(-204) + 2)?
50
What is the remainder when 187 + -201 + 557*3 is divided by 34?
25
Let t = -156 - -229. Let n(h) = 48*h**2 - 55*h + 167. Calculate the remainder when n(3) is divided by t.
69
What is the remainder when 598 is divided by (1406/(-57))/(26/(-78))?
6
Let v(c) = -3*c + 22. Let w be v(10). Let s be (-1*(-1 + 2))/(w/(-48)). What is the remainder when 40 is divided by s/(-4)*(-196)/(-21)?
12
Let m = -13187 + 13197. What is the remainder when 3987 is divided by m?
7
Suppose 0 = 3*g + 3*l - 61 - 2, -g + 3 = -5*l. What is the remainder when g is divided by 7?
4
Let f = 6589 - 6376. Calculate the remainder when f is divided by 73.
67
Let b be 8 - (-143)/(-13) - (1 + 0). Let w(l) = -61*l - 42. What is the remainder when w(b) is divided by 29?
28
Suppose -49 = -5*k - 4*b, 4*k + 3*b - 15 = 24. Let j(p) = -6*p - 3*p - 14*p - 2*p**2 - k + 42. Calculate the remainder when 62 is di